are the prime factors of 225730616?
2, 227, 124301
What are the prime factors of 972420963?
3, 43, 7538147
List the prime factors of 130383509.
130383509
What are the prime factors of 3167416159?
349, 997, 9103
List the prime factors of 2028520286.
2, 13, 78020011
What are the prime factors of 1814975491?
7, 10987, 23599
What are the prime factors of 20611410?
2, 3, 5, 107, 6421
List the prime factors of 3583649191.
1409, 2543399
What are the prime factors of 1531591383?
3, 7, 1488427
What are the prime factors of 12492910?
2, 5, 23, 29, 1873
List the prime factors of 194048955.
3, 5, 193, 22343
What are the prime factors of 1179083283?
3, 7, 2549, 22027
What are the prime factors of 647693071?
19, 34089109
List the prime factors of 1185462790.
2, 5, 118546279
What are the prime factors of 273457343?
37, 73, 137, 739
What are the prime factors of 46562857?
11, 384817
What are the prime factors of 195389710?
2, 5, 59, 61, 89
What are the prime factors of 219748883?
37, 223, 26633
List the prime factors of 1093061425.
5, 43722457
List the prime factors of 462066912.
2, 3, 1604399
What are the prime factors of 90657075?
3, 5, 19, 113, 563
What are the prime factors of 146585590?
2, 5, 383, 38273
List the prime factors of 114169116.
2, 3, 9514093
List the prime factors of 268657539.
3, 71, 151, 8353
What are the prime factors of 1269204219?
3, 4019, 35089
List the prime factors of 37793213.
37793213
List the prime factors of 3331687625.
5, 7, 17, 653
List the prime factors of 91465328.
2, 5716583
What are the prime factors of 128434790?
2, 5, 11, 97, 12037
List the prime factors of 199840145.
5, 37, 1080217
List the prime factors of 23267506.
2, 587, 19819
List the prime factors of 422421055.
5, 7, 1399, 8627
What are the prime factors of 1590154007?
13, 17, 423251
What are the prime factors of 273992947?
43, 6371929
List the prime factors of 54271462.
2, 7, 149, 26017
What are the prime factors of 3165166755?
3, 5, 70337039
List the prime factors of 438264268.
2, 13, 8428159
What are the prime factors of 64685310?
2, 3, 5, 19, 283, 401
List the prime factors of 1307477602.
2, 173, 3778837
List the prime factors of 13501024.
2, 421907
List the prime factors of 1018969501.
11, 92633591
List the prime factors of 335991475.
5, 23, 167, 3499
List the prime factors of 872211431.
7, 13, 971, 9871
What are the prime factors of 143257150?
2, 5, 19, 150797
What are the prime factors of 4311772114?
2, 13, 2423, 68443
List the prime factors of 299045340.
2, 3, 5, 11, 89, 1697
List the prime factors of 2442831.
3, 31, 26267
List the prime factors of 1104444799.
1104444799
List the prime factors of 5366946878.
2, 479, 5602241
What are the prime factors of 460253513?
59, 347, 22481
What are the prime factors of 639852934?
2, 7, 97, 471173
What are the prime factors of 323366470?
2, 5, 7, 4619521
What are the prime factors of 1197403479?
3, 14782759
List the prime factors of 54902978.
2, 13, 23, 91811
List the prime factors of 1038041555.
5, 883, 235117
List the prime factors of 2040564475.
5, 109, 748831
List the prime factors of 76259706.
2, 3, 12709951
What are the prime factors of 2946224659?
7, 420889237
List the prime factors of 1681120763.
7, 107, 311, 1031
What are the prime factors of 31055437?
7, 127, 181, 193
What are the prime factors of 1576916755?
5, 315383351
What are the prime factors of 2447535004?
2, 71, 379, 22739
What are the prime factors of 1009573287?
3, 336524429
List the prime factors of 56388483.
3, 59, 103, 1031
List the prime factors of 22852153.
22852153
What are the prime factors of 201428740?
2, 5, 37, 272201
What are the prime factors of 412625192?
2, 7, 307, 24001
List the prime factors of 143474471.
7, 1039, 19727
List the prime factors of 40237483.
11, 13, 281381
List the prime factors of 158201361.
3, 59, 297931
List the prime factors of 6759405.
3, 5, 150209
List the prime factors of 2527866152.
2, 7, 23, 41, 47869
List the prime factors of 1882682697.
3, 7, 17, 19, 29, 563
List the prime factors of 2671530415.
5, 1451, 368233
List the prime factors of 1086230559.
3, 1321, 274093
List the prime factors of 57417805.
5, 107, 107323
List the prime factors of 38090977.
359, 106103
List the prime factors of 47569216.
2, 743269
List the prime factors of 27557615.
5, 53, 103991
What are the prime factors of 204830364?
2, 3, 23, 29, 157, 163
List the prime factors of 51366714.
2, 3, 7, 29, 181, 233
List the prime factors of 212277069.
3, 23586341
List the prime factors of 162299390.
2, 5, 11, 37, 39877
List the prime factors of 116257737.
3, 37, 1047367
List the prime factors of 2159535838.
2, 1079767919
What are the prime factors of 3014901356?
2, 753725339
List the prime factors of 1629437918.
2, 6299, 129341
What are the prime factors of 32408715?
3, 5, 17, 73, 1741
List the prime factors of 167711012.
2, 7, 2393, 2503
List the prime factors of 1435751979.
3, 263, 1819711
What are the prime factors of 654146485?
5, 17, 617, 12473
What are the prime factors of 765574851?
3, 255191617
List the prime factors of 2669948972.
2, 667487243
List the prime factors of 1899224105.
5, 17, 22343813
What are the prime factors of 64494441?
3, 11, 37, 5869
List the prime factors of 26761276.
2, 6690319
What are the prime factors of 74432095?
5, 2341, 6359
List the prime factors of 250912965.
3, 5, 16727531
What are the prime factors of 121361427?
3, 11, 111443
What are the prime factors of 1150434800?
2, 5, 19, 31, 257
What are the prime factors of 75164636?
2, 29, 577, 1123
List the prime factors of 473379564.
2, 3, 7, 151, 37321
List the prime factors of 17187978.
2, 3, 101, 113, 251
List the prime factors of 29845002.
2, 3, 11, 29, 31, 503
List the prime factors of 8087576661.
3, 37, 811, 29947
What are the prime factors of 832575162?
2, 3, 103, 1347209
List the prime factors of 82984267.
19, 59, 74027
What are the prime factors of 1782681371?
823, 2166077
List the prime factors of 1049461817.
31, 33853607
List the prime factors of 561193120.
2, 5, 17, 19, 10859
List the prime factors of 1448882211.
3, 7, 68994391
What are the prime factors of 412614753?
3, 137538251
List the prime factors of 337096969.
11, 3863, 7933
What are the prime factors of 29398234?
2, 131, 112207
What are the prime factors of 96969127?
23, 29, 145381
List the prime factors of 18097729.
13, 1392133
List the prime factors of 759145484.
2, 31, 251, 24391
List the prime factors of 403761928.
2, 61, 463, 1787
What are the prime factors of 353323904?
2, 167, 16529
List the prime factors of 449567754.
2, 3, 17, 541, 8147
What are the prime factors of 196792385?
5, 39358477
List the prime factors of 4437587047.
19, 29, 193, 41729
What are the prime factors of 79786215?
3, 5, 197003
List the prime factors of 65971126.
2, 13, 719, 3529
List the prime factors of 30960142.
2, 109, 142019
What are the prime factors of 62144956?
2, 31, 151, 3319
List the prime factors of 134405596.
2, 13, 229, 11287
List the prime factors of 2019797221.
13, 155369017
What are the prime factors of 255392180?
2, 5, 12769609
What are the prime factors of 194464496?
2, 17, 714943
List the prime factors of 7705229651.
7, 17, 2423, 26723
What are the prime factors of 279121122?
2, 3, 7, 373, 5939
What are the prime factors of 581791733?
937, 620909
What are the prime factors of 2031450732?
2, 3, 47, 400207
What are the prime factors of 405338921?
13, 199, 156683
What are the prime factors of 285700437?
3, 11, 2885863
What are the prime factors of 3086810193?
3, 103, 9989677
List the prime factors of 844426000.
2, 5, 11, 131, 293
List the prime factors of 74901738.
2, 3, 47, 151, 1759
What are the prime factors of 5609707?
1319, 4253
What are the prime factors of 29643985?
5, 7, 43, 19697
List the prime factors of 567750460.
2, 5, 28387523
List the prime factors of 785337993.
3, 11, 47, 168781
List the prime factors of 950768931.
3, 7, 719, 62969
List the prime factors of 827793692.
2, 11, 1951, 9643
List the prime factors of 59774706.
2, 3, 1106939
List the prime factors of 81200792.
2, 37, 397, 691
List the prime factors of 171633079.
171633079
What are the prime factors of 2789607558?
2, 3, 464934593
What are the prime factors of 108227657?
108227657
What are the prime factors of 257055513?
3, 11,